s(q) = -2*q**3 + 172*q**2 - 2046*q + 2241. Determine s(72).
81
Let o(b) = -b**3 - 11*b**2 + 319*b + 61. What is o(-24)?
-107
Let q(k) = -60*k**2 + 660*k - 1083. Calculate q(9).
-3
Let q(j) = -2*j**3 + 508*j**2 - 5816*j + 1941. What is q(242)?
5
Let j(p) = -21*p**2 - 9292*p + 56460. Calculate j(6).
-48
Let y(j) = -j**3 + 69*j - 40. What is y(7)?
100
Let z(l) = l**3 + 93*l**2 + 1139*l + 2609. Determine z(-3).
2
Let c(l) = 15*l**3 - 4*l**2 - 3*l + 212. What is c(0)?
212
Let n(v) = -2*v**2 + 34251*v + 3514405. Calculate n(-102).
-5
Let m(i) = -2*i**3 + 3*i**2 - 2378*i - 7134. Give m(-3).
81
Let m(f) = 62*f - 1252. Calculate m(21).
50
Let a(b) = -2*b**3 - 196*b**2 - 1773*b - 4220. Calculate a(-5).
-5
Let k(m) = 14077*m - 563089. What is k(40)?
-9
Let l(b) = 5499*b - 43746. Calculate l(8).
246
Let z(o) = 58928*o - 7189230. What is z(122)?
-14
Let p(r) = -r**3 - 47*r**2 + 3825*r - 4164. What is p(-90)?
-114
Let b(n) = -2136*n + 2417. Calculate b(2).
-1855
Let d(m) = -2*m**3 + 194*m**2 + 4406*m + 553. What is d(116)?
321
Let q(g) = 89*g**2 - 3772*g - 2363. What is q(43)?
2
Let o(g) = -44*g + 113. What is o(-8)?
465
Let u(q) = 20*q**2 - 602*q + 714. Give u(1).
132
Let u(h) = 365*h + 19454. Determine u(-56).
-986
Let i(u) = -2*u**3 - 81*u**2 - 949*u - 2501. What is i(-18)?
1
Let f(d) = 3008*d - 105167. Determine f(35).
113
Let b(d) = -127044*d + 508157. Calculate b(4).
-19
Let v(w) = 6*w**2 - 82*w + 405. Give v(6).
129
Let a(p) = -p**3 + 8*p**2 + 342*p + 259. Calculate a(-14).
-217
Let j(t) = 438*t**2 + 1000*t + 16. Determine j(-2).
-232
Let a(l) = -5*l**3 - 148*l**2 - 863*l + 1172. Determine a(-10).
2
Let l(b) = 79*b + 7204. Determine l(-90).
94
Let b(l) = 105*l**2 - 16160*l + 16162. What is b(1)?
107
Let g(o) = o**2 + 605*o + 88435. What is g(-342)?
-1511
Let w(f) = 5573*f + 780238. Determine w(-140).
18
Let s(n) = -2186*n - 2382748. Determine s(-1090).
-8
Let y(l) = -11450*l + 171247. Give y(15).
-503
Let l(c) = 15*c**2 - 276*c - 1124. Calculate l(-4).
220
Let r(k) = 122600*k - 980796. Give r(8).
4
Let j(c) = 475*c + 1007. Determine j(-2).
57
Let n(h) = 1243*h + 18962. Calculate n(-15).
317
Let s(g) = -150*g - 1649. What is s(-15)?
601
Let a(n) = 164*n**3 - 2524*n**2 - 1595*n - 63. Give a(16).
17
Let f(z) = 5*z**3 - 1146*z**2 + 2303*z - 15. Calculate f(2).
47
Let x(j) = -3*j**3 + 40*j**2 + 144*j - 76. Determine x(16).
180
Let v(q) = -30*q**2 - 1707*q - 967. What is v(-56)?
545
Let k(v) = 2*v**3 - 360*v**2 - 1842*v - 1466. Give k(185).
14
Let p(s) = 4*s**2 - 33*s - 4. What is p(9)?
23
Let l(h) = 2*h**3 + 41*h**2 - 69*h - 162. Determine l(-23).
-1220
Let z(t) = t**3 + 176*t**2 + 7417*t - 312. Determine z(-106).
6
Let j(c) = -c**2 + 36987*c + 1258704. Calculate j(-34).
-10
Let r(b) = b**3 - 23*b**2 - 5*b - 234. Calculate r(-11).
-4293
Let s(u) = 1765*u - 781905. Calculate s(443).
-10
Let k(n) = -n**3 - 24*n**2 + 408*n + 386. Give k(-35).
-419
Let m(i) = 838*i - 698885. What is m(834)?
7
Let p(r) = 24*r**3 + 3*r**2 + 160*r - 320. Give p(2).
204
Let w(r) = -8*r**3 + 7*r**2 - 74*r + 62. Calculate w(1).
-13
Let k(y) = -3*y**2 - 39*y + 256. Calculate k(-27).
-878
Let n(j) = j**3 + 62*j**2 + 252*j - 189. Calculate n(-58).
-1349
Let l(u) = -u**2 - 2212*u - 93261. Calculate l(-43).
6
Let u(j) = -j**3 - 24*j**2 - 95*j - 53. Determine u(-19).
-53
Let h(y) = 65*y + 3554. Determine h(-33).
1409
Let i(w) = 5*w**2 + 26579*w - 79792. Determine i(3).
-10
Let v(g) = g**3 - 14*g**2 + 2585*g - 15217. Determine v(6).
5
Let v(n) = 67*n + 14070. Calculate v(-210).
0
Let m(n) = -21559*n + 10908851. Calculate m(506).
-3
Let c(x) = -x**3 + 657*x**2 - 35811*x - 497. Determine c(60).
43
Let c(h) = 4*h**2 + 919*h + 49161. What is c(-145)?
6
Let k(l) = l**2 - 1480*l + 379589. What is k(1150)?
89
Let t(u) = -177*u - 23166. What is t(-135)?
729
Let v(o) = -2*o**2 + 191*o + 1315. Give v(102).
-11
Let y(c) = 4*c**3 - 335*c**2 - 65*c - 1886. Calculate y(84).
-290
Let d(s) = -2*s**2 + 576*s + 37457. Determine d(-54).
521
Let s(j) = 2*j**3 - 38*j**2 + 5221*j - 93334. Give s(18).
-4
Let d(k) = k**3 - 75*k**2 + 1663*k - 45776. Calculate d(60).
4
Let h(n) = 3*n**3 + 43*n**2 - 164*n - 2498. What is h(-14)?
-6
Let h(u) = 3*u**3 + 9*u**2 - 16*u - 34. Calculate h(7).
1324
Let w(s) = -5*s**3 - 143*s**2 + 71*s - 47. Give w(-29).
-424
Let a(l) = 655777*l - 9180877. Determine a(14).
1
Let o(v) = -v**3 - 18*v**2 - 67*v - 719. Give o(-15).
-389
Let m(a) = -a**3 + 382*a**2 - 24180*a + 1602. Determine m(80).
2
Let m(t) = -3*t**3 + 10*t**2 - 58*t + 202. Calculate m(4).
-62
Let z(q) = -5*q**2 - 525*q - 8163. What is z(-19)?
7
Let i(q) = -3*q**2 - 910*q - 7085. Calculate i(-8).
3
Let l(n) = 3*n**2 + 1464*n + 176417. What is l(-217)?
-4
Let m(l) = 283*l - 45814. What is m(158)?
-1100
Let p(w) = -6080*w + 225021. Give p(37).
61
Let c(d) = 436*d**2 - 1295*d + 1281. Determine c(1).
422
Let s(v) = -27*v**3 + 58*v**2 + 6*v + 22. Determine s(3).
-167
Let k(f) = -176199*f + 5109776. Give k(29).
5
Let f(s) = -987*s - 96734. What is f(-98)?
-8
Let l(c) = -c**3 - 254*c**2 + 7*c + 1409. Give l(-254).
-369
Let s(w) = 2*w**2 - 230*w + 8836. What is s(73)?
2704
Let t(q) = q**2 + 2396*q + 1203809. What is t(-717)?
-34
Let p(u) = 29*u**3 - 50*u**2 - 16*u + 50. Determine p(2).
50
Let m(b) = -23*b**3 + 7893*b**2 - 1368*b - 1436. Give m(343).
-64
Let t(u) = 3*u**3 - 141*u**2 + 688*u - 98. What is t(41)?
-2148
Let y(u) = 7567*u + 2043095. Calculate y(-270).
5
Let j(n) = -10*n**3 + 1861*n**2 - 184*n - 359. Give j(186).
13
Let t(j) = 18321*j + 1172543. What is t(-64)?
-1
Let j(f) = -18692*f + 186909. What is j(10)?
-11
Let x(l) = -l**3 + 87*l**2 - 382*l + 10154. Give x(84).
-766
Let m(h) = 3*h**3 + 35*h**2 - 97*h - 120. What is m(-13)?
465
Let o(p) = -171622*p + 171449. Calculate o(1).
-173
Let l(o) = -834*o**2 + 130*o + 130. What is l(-1)?
-834
Let x(m) = m**2 + 638*m + 18218. Calculate x(-30).
-22
Let w(n) = -150833*n - 150817. Determine w(-1).
16
Let w(p) = -8*p**2 - 60*p - 88. What is w(-12)?
-520
Let v(s) = -210*s**2 - 1052*s - 25. Calculate v(-5).
-15
Let f(a) = 847919*a + 11870876. Calculate f(-14).
10
Let o(y) = -y**3 + 153*y**2 - 96*y + 14688. Give o(153).
0
Let y(x) = -x**3 + 59*x**2 + 4*x - 12295. Determine y(55).
25
Let u(b) = -422*b - 19594. Determine u(-45).
-604
Let d(m) = 5*m**3 - 64*m**2 - 121*m + 1405. Determine d(13).
1
Let i(u) = -623257*u + 623270. Give i(1).
13
Let n(d) = -2*d**3 - 459*d**2 - 217*d + 2759. Determine n(-229).
11
Let c(p) = 9*p**2 - 2057*p - 478196. Give c(-143).
-4
Let d(b) = -b**3 - 273*b**2 - 9305*b + 114. Calculate d(-40).
-486
Let t(r) = 21*r**3 - 579*r**2 - 250*r - 89. What is t(28)?
-33
Let t(y) = -163*y**2 - 22326*y + 689. Calculate t(-137).
4
Let p(y) = -3485306*y - 20911832. Calculate p(-6).
4
Let k(b) = -38646*b + 77303. Give k(2).
11
Let i(z) = -5*z**2 - 179*z + 4148. Calculate i(16).
4
Let m(v) = -v**3 - 126*v**2 + 559*v + 5026. Determine m(-130).
-44
Let t(g) = g**3 + g**2 - 343*g + 20. Determine t(-18).
686
Let n(t) = -69*t + 1425. What is n(19)?
114
Let y(w) = -7615*w + 1751341. What is y(230)?
-109
Let c(z) = z**3 + 39*z**2 + 327*z + 83. Give c(-27).
2
Let o(l) = 3*l**2 + 25634*l - 2619641. What is o(101)?
-4
Let z(r) = -31*r**2 + 98*r - 77. Give z(1).
-10
Let c(k) = 2*k**2 - 146*k - 2578. Give c(-20).
1142
Let f(j) = 2*j**3 + 109*j**2 + 544*j - 3495. Calculate f(-48).
345
Let a(l) = -3*l**2 - 558*l - 20194. Calculate a(-137).
-55
Let r(t) = 1073*t - 16406. What is r(15)?
-311
Let d(b) = -32*b**3 - 513*b**2 - 1040*b - 16383. What is d(-16)?
1
Let r(z) = -1429*z + 5896. Determine r(4).
180
Let b(n) = -1051*n + 72693. Determine b(69).
174
Let r(f) = 23101*f + 437. Calculate r(0).
437
Let d(l) = 11*l**2 + 306*l + 707. Calculate d(-3).
-112
Let z(a) = 2*a**3 + 35*a**2 + 877*a + 14603. Give z(-17).
-17
Let c(v) = v**3 + 56*v**2 - 141*v - 10857. Give c(-55).
-77
Let c(n) = -299*n + 7751. Give c(27).
-322
Let w(r) = r**2 + 72433*r + 2099717. Give w(-29).
1
Let u(x) = 5548*x + 24562. Determine u(-5).
-3178
Let q(g) = 159*g**3 + 1271*g**2 - 11*g + 5. Calculate q(-8).
29
Let s(x) = 3*x**2 + 20848*x + 187398. Determine s(-9).
9
Let b(h) = h**3 - 69*h**2 + 346*h - 1587. What is b(64)?
77
Let x(r) = 2230*r - 6670. What is x(3)?
20
Let o(k) = 30*k**3 - 86*k**2 - 616*k + 1888. Give o(3